 5 and b.
5
Let m be -2 + 12 + 2/1. Let p(k) = -k**3 - 10*k**2 - 8*k - 360. Let q be p(-12). Calculate the greatest common factor of q and m.
12
Suppose -2*f - 120 = -4*g, -102 = -3*g - 4*f + 10. Let d be (28/(-8))/(-1)*g. What is the highest common factor of 14 and d?
14
Suppose 36 = 6*u - 36. Suppose -6*w + 24 = -2*w. Suppose 2*c + 3*q = 6*q - w, 0 = -3*c - 4*q + 25. Calculate the greatest common factor of u and c.
3
Let s(m) = -6*m - 104. Let t be s(-26). Calculate the highest common divisor of 65 and t.
13
Suppose -33 + 123 = -5*v. Let m be 1*6*(-12)/v. Suppose -m*k + 4*r + 574 - 214 = 0, 3*k + 4*r = 235. What is the highest common divisor of k and 34?
17
Suppose 0 = v - 20. Suppose 0 = -3*l + 97 + v. Suppose 1 = 4*t - l. Calculate the greatest common divisor of 5 and t.
5
Let j be ((-800)/(-10))/8*32. Calculate the greatest common factor of j and 20.
20
Let a be (-16)/56 + (-340)/(-14). What is the greatest common factor of a and 1812?
12
Let t be 4/10 + 396/(-15). Let i = 44 + t. Calculate the greatest common divisor of 18 and i.
18
Suppose 0 = u + 4*u - 35. Let i(w) = -w + 9. Let m be i(u). Suppose -4*q + 5*t = -152, 4*q + 0*q = -m*t + 124. What is the highest common divisor of q and 11?
11
Let z be 4002/3 - (-8 - 2). Calculate the greatest common factor of 21 and z.
21
Let s(c) = 18*c + 828. Let r be s(-13). Calculate the highest common divisor of 88 and r.
22
Suppose -5*t = -3*p - 186, 3*t + 4*p - 100 + 0 = 0. Let z be (2/(-1))/(2/(-3)). Suppose z*m = 8*m - 60. Calculate the greatest common factor of m and t.
12
Let h be ((-4)/(-18) - 0) + (-7471)/(-279). What is the greatest common divisor of 513 and h?
27
Suppose 5*u - 126 = a, 2*a = 4*u - 3*a - 105. Let d = u + -12. Calculate the greatest common factor of d and 65.
13
Suppose 58*y - 1913 = 407. What is the greatest common factor of y and 630?
10
Let z be 167/5 - ((-56)/35 - -1). What is the highest common divisor of z and 782?
34
Suppose 1 + 683 = 12*g. Calculate the highest common divisor of 152 and g.
19
Let a(c) = -2*c**2 + 9*c + 7. Let v be a(5). Suppose -v*t + 9*t = 224. What is the highest common divisor of t and 64?
32
Let u = 8 - 1. Let z = 202 - 65. Suppose z + 38 = 5*j. What is the greatest common divisor of j and u?
7
Let l(o) = 2*o + 2. Let m = -7 + 9. Let j be l(m). Let q(a) = 2*a. Let s be q(j). Calculate the greatest common factor of 4 and s.
4
Suppose 0 = 129*h - 120*h - 27. Let m(k) = k**3 + 9*k**2 + 7*k - 10. Let i be m(-7). What is the greatest common factor of h and i?
3
Suppose 2*m = -2*m. Suppose -2*c + 2*r = -40, m*c + 28 = c + r. Calculate the greatest common factor of c and 192.
24
Let n be (-4 + 4)/4 - 5. Let r(w) = w + 6. Let x be r(n). Let i be 4/(-5)*(-24 - x). What is the highest common divisor of i and 20?
20
Suppose 9*o = 32488 + 20054. What is the greatest common divisor of o and 139?
139
Let c be ((-27)/(-36))/((-1)/(-16)). Calculate the highest common divisor of c and 48.
12
Let q be (-31)/(-5) + 21/(-105). Let i(z) = -z - 1 - 3 + 0*z. Let u be i(-10). Calculate the highest common divisor of u and q.
6
Suppose -2*d - 3*s + 5*s = -190, 4*s = 5*d - 470. Calculate the highest common divisor of d and 120.
30
Suppose 0 = -3*a + 18*w - 16*w + 170, -2*a - 5*w = -126. Let z(q) = -28*q**3 - q. Let t be z(-1). Calculate the greatest common divisor of t and a.
29
Suppose -1705*g = -1714*g + 1809. What is the highest common factor of 536 and g?
67
Let h(f) = 65*f - 438. Let p be h(17). Calculate the highest common factor of 69 and p.
23
Suppose 0 = 6*u - 19*u + 234. What is the greatest common factor of u and 27?
9
Suppose -1 - 18 = -5*k - w, 2*w = 4*k - 4. Let f(q) = 4*q**2 - q - 5. Let s be f(k). Calculate the greatest common divisor of s and 7.
7
Suppose 8*a - 400 = -12*a. Let k be -2*(-2)/2 + 28. What is the greatest common divisor of a and k?
10
Suppose -7*g + 1017 + 2399 = 0. Calculate the highest common factor of g and 427.
61
Suppose -4*i = -2*v - 2334, -935 = -3*i - 2*v + 826. Suppose 0*y = -5*y + i. What is the highest common factor of y and 13?
13
Let u be -3 + 2 + (-75)/(-2 - 3). Let y(k) = k**3 + 4*k**2 - 5*k - 3. Let j be y(-3). Calculate the greatest common divisor of j and u.
7
Suppose -5*a + 348 + 372 = 0. Let q(c) = -c**3 - 3*c**2 - 5*c + 36. Let s be q(0). Calculate the greatest common divisor of a and s.
36
Let t(d) = -d**3 + 26*d**2 + 27*d + 1. Let c be t(27). Calculate the greatest common factor of 59 and c.
1
Suppose k + 63 = 2*b, 18*k - 13*k + 135 = 4*b. What is the highest common divisor of 330 and b?
30
Suppose 2*k - 7 = 5. Let m be (-272)/40*(-5 + 0). Suppose 86 + m = 5*b. What is the highest common factor of k and b?
6
Let k = 351 - 243. Suppose -3*w = k - 12. Let b be w/(-3) + (-1)/(-3). What is the greatest common factor of 55 and b?
11
Let n(y) = -y**2 + 11*y - 17. Let a be n(2). What is the highest common factor of a and 13?
1
Let c be (4/(-12))/1 - 1089/(-27). Calculate the highest common divisor of 1420 and c.
20
Suppose -4*p = 2*i - 818, i - 1024 = -2*p - 3*p. Suppose -2*a - b = -79, -5*b + 4*b + p = 5*a. Calculate the highest common factor of 294 and a.
42
Let g(w) = 5*w - 4. Let y be g(2). Suppose -5*d = -r - 153, 116 + 13 = 4*d - 3*r. What is the greatest common divisor of d and y?
6
Suppose 17 = 11*x - 16. What is the highest common factor of 87 and x?
3
Let r = 218 - 148. What is the highest common divisor of r and 175?
35
Let d(y) = -y**2 - 2*y + 11. Let n be d(-3). Let k(r) = -r**2 + 9*r + 15. Let o be k(n). What is the greatest common divisor of o and 253?
23
Let n(f) = -6*f + 27. Let b be n(2). What is the highest common divisor of b and 9?
3
Let y(c) = c**3 - c**2 + 30. Let z be y(0). Let u(i) = 2*i**2 - 6*i + 4. Let f be u(-3). What is the greatest common factor of z and f?
10
Let p be -4*(-3)/6*1. Suppose 26 = 4*x - 5*j, -p = x - j - 8. Let g be (-2 - (4 - x)) + 29. Calculate the highest common factor of g and 135.
27
Let s be (2 - 11 - -5) + 8. Suppose 3*m - s*m = -45. What is the highest common factor of 3 and m?
3
Let o be 2/2*0 + -48. Let a = 50 + o. What is the greatest common factor of a and 2?
2
Let w(u) = u + 1. Let y(j) = j**2 + 2*j + 1. Let d(f) = 5*w(f) - y(f). Let i = -125 + 128. Let o be d(i). Calculate the highest common factor of o and 28.
4
Let o = -41 - -78. Calculate the greatest common factor of o and 444.
37
Let o = -114 + 76. Let y = -19 - o. What is the greatest common divisor of 114 and y?
19
Let o(x) = 62*x - 32. Let d be o(6). What is the highest common divisor of d and 68?
68
Suppose -5*m = 5*c - m - 22, 2*c + 4*m - 4 = 0. Suppose 58 = 2*v + 3*y, 2*v + 0*y = 4*y + 58. Let r = c + v. What is the greatest common divisor of r and 5?
5
Suppose -5*n = -h - 45, -n = -3*n + h + 15. Suppose 78 = 3*v + 378. Let c = v + 140. What is the highest common divisor of n and c?
10
Suppose 3*z - h - h = 191, 3*z = -4*h + 203. Let q be 23 - (1 - 2 - 2). Calculate the greatest common factor of q and z.
13
Suppose 362 + 562 = 11*r. What is the highest common divisor of 204 and r?
12
Let q be ((-7)/(-2))/(33/1320). What is the greatest common factor of 56 and q?
28
Let u(z) = -z**2 - 41*z + 602. Let o be u(11). Suppose -4*j + 8 + 4 = 0. Calculate the highest common divisor of j and o.
3
Suppose -5*y = -0*y - 70. Let q be (-3)/((-6)/(-38)*-1). Let c = q - y. Calculate the highest common divisor of c and 1.
1
Suppose 2*q = 4*q + 3*o - 138, -2*o = -8. Let u(c) = c**3 + 5*c**2 - c + 4. Let a be u(-5). What is the greatest common factor of a and q?
9
Suppose -370 = -4*a - 10. Suppose 5*q = -j - 30 + a, 3*q = -5*j + 278. Calculate the highest common factor of 15 and j.
5
Suppose -66*i + 544 = -58*i. Calculate the greatest common factor of 2516 and i.
68
Let w be 774/9 + 9 + (0 - -3). What is the greatest common factor of w and 56?
14
Suppose -24*w - 10 = -29*w, 3*w = -3*l + 45. Let m = -57 - -135. Calculate the highest common divisor of m and l.
13
Let h be 15/(-6) + 1576/16. What is the greatest common factor of h and 128?
32
Suppose 6*c + 3*f = 7*c - 1347, -5*f - 5353 = -4*c. Calculate the greatest common divisor of c and 108.
36
Let t = 932 - 888. Calculate the greatest common divisor of 638 and t.
22
Let v be -10*((-80)/36 + (-12)/(-54)). What is the greatest common divisor of 95 and v?
5
Let t be 3 + 5/10